- 84/(-10). Calculate the greatest common factor of v and 8.
8
Let v be 114*1*(2 + -1). Let n = v - -30. What is the greatest common factor of 16 and n?
16
Let g be -8*(1/(-2))/1. Suppose 0 = -c + g*c - 24. What is the greatest common divisor of 8 and c?
8
Suppose -4*m + 22 = 2*d - 34, -4*m + 2*d + 56 = 0. Let h be ((-4)/8)/(2/36). Let n = h + m. Calculate the highest common factor of 40 and n.
5
Suppose -2*h = -3*m + 168, 4*m + h = -0*h + 235. What is the highest common factor of 29 and m?
29
Let f = 278 - 158. Suppose -2*p + 6*p + 4*m - 112 = 0, -5*p = 2*m - 128. Calculate the highest common divisor of f and p.
24
Suppose -b + 5*b + 516 = 0. Let z be (b/9)/(2/(-6)). Suppose -4*g + z = 11. Calculate the greatest common divisor of g and 56.
8
Let r be 2/(-8) + (-7745)/(-20). Calculate the highest common divisor of r and 43.
43
Let i = -6 + 42. What is the highest common factor of i and 9?
9
Let j(p) = -p**3 + 5*p**2 + 7*p - 9. Let u be j(6). Let a = u + 5. Calculate the highest common divisor of a and 4.
2
Let f = 23 + -12. Let u = -3 + 5. Let a be (-1)/(-2)*(24 - u). Calculate the greatest common factor of a and f.
11
Suppose 108 = -2*r + 4*r. Let y be (-1 + -1)/((-4)/6). Suppose -30 = y*o - 8*o. Calculate the highest common divisor of r and o.
6
Suppose j + 5*f - 2 = 0, 5*j = f + 3*f + 10. Suppose -3*y - 5*k = -29, -5*y - 3*k = -0*y - 75. Calculate the highest common divisor of j and y.
2
Let j be (-40)/(-1) + 0 + 0. Let v = -2 + 6. Suppose 4*u + 12 = 3*w + v, 0 = w + 4*u - 24. Calculate the highest common divisor of j and w.
8
Suppose -12 = 3*o + 24. Let i be (-16)/o - 2/(-3). Suppose -i*m = -0*m - 110. What is the highest common factor of m and 5?
5
Let s be (1 - 3)*(-28)/8. Suppose l + 5 - s = 0. Suppose 2*o = -2*a + 18, -2*a + 42 = 3*a + l*o. What is the greatest common factor of 64 and a?
8
Let w = 4 - 2. Let i = 6 - w. Suppose i*p - 96 = p. What is the greatest common divisor of 4 and p?
4
Suppose 0 = -5*l + 25, 4*l - 50 = -2*a - a. What is the highest common factor of 50 and a?
10
Let x be ((252/15)/(-2))/(2/(-30)). What is the highest common factor of x and 14?
14
Suppose -1 = 4*l + 3. Let z(x) = 6*x**2 - x - 1. Let c be z(l). What is the greatest common factor of 30 and c?
6
Let q = -6 - -7. Suppose l = q + 9. What is the greatest common factor of 20 and l?
10
Suppose -8*b + 80 = -3*b. What is the greatest common divisor of 48 and b?
16
Suppose -10 = -r - 4*r, 2*r - 616 = -4*m. What is the greatest common divisor of 17 and m?
17
Let g(m) = m**3 - 10*m**2 - 11*m - 4. Let b be g(11). Let j be (-63)/(-6) - 2/b. What is the greatest common divisor of 55 and j?
11
Let m = 3 + 0. Suppose q - u = 20, -37 - 3 = -m*q - 2*u. Suppose 5*k - q = 49. What is the greatest common divisor of 39 and k?
13
Let x be ((-270)/(-4))/(6/8). Calculate the highest common divisor of 10 and x.
10
Suppose -7*u + 3*u - 2*k + 54 = 0, -3*k = 3*u - 42. Suppose 0*n + 4*n - 4*q = 112, n - 4*q - u = 0. What is the greatest common factor of n and 3?
3
Suppose -4*k = -1 - 87. What is the highest common factor of k and 33?
11
Suppose -g - 2*b = -3*b - 35, b - 25 = -g. Let f(v) = -4*v - 10. Let o be f(-4). What is the highest common factor of o and g?
6
Let z(p) = 4*p**2 - 2*p + 1. Let g be z(1). Let a be (g + (-60)/8)*-2. What is the highest common factor of a and 6?
3
Let i be 1 + (-57)/(1 - 4). What is the greatest common divisor of i and 140?
20
Suppose -41 = -10*i + 99. Calculate the highest common divisor of 98 and i.
14
Suppose -6*a + a + 125 = 0. Suppose -3*l + 0*i + 46 = 5*i, -a = -5*i. Calculate the greatest common factor of 35 and l.
7
Let t(c) = 154*c**3 - 2*c + 2. Let j be t(1). Calculate the highest common divisor of 14 and j.
14
Suppose 2*g - 3*g = 4, 3*a - 4*g - 61 = 0. What is the greatest common factor of 45 and a?
15
Let d = 38 + 6. Calculate the highest common divisor of 22 and d.
22
Suppose 0 = -2*p - p - 4*x + 98, 0 = -4*x + 20. Calculate the greatest common divisor of p and 156.
26
Let j be (-4)/10 - 6/10. Let o(t) = -161*t + 1. Let c be o(j). Suppose 21 = u + b, 3*u - 2*u = 5*b + 3. Calculate the greatest common divisor of u and c.
18
Let v = 10 - 8. Suppose 5*i - v*d + 3 = 33, -d = -i + 9. Calculate the greatest common factor of 32 and i.
4
Suppose -4*w + y = 0, -4*w - 3*y + 15 = -w. Suppose 0 = 5*h + 5*c, h + 5*c = 3*h - 14. Suppose h*s = s + 3. Calculate the highest common divisor of w and s.
1
Let p = 146 - 102. What is the highest common divisor of p and 22?
22
Let c(j) = 3*j - 8. Let v be c(5). Let o(z) be the first derivative of -z**2/2 + 17*z + 1. Let m be o(v). What is the highest common divisor of m and 90?
10
Suppose -3*a - 183 = -4*o, -3*a = -3*o - 0*o + 135. What is the greatest common divisor of 6 and o?
6
Suppose 0 = -2*q + 7*q - 70. Suppose -103 = -r + n, -5*r = -2*n - 2*n - 510. What is the greatest common divisor of r and q?
14
Let t be (-1)/4 + (-366)/(-24). Calculate the highest common factor of 75 and t.
15
Let p = 37 - 13. Let b(n) = n + 35. Let y be b(-11). Calculate the greatest common divisor of p and y.
24
Let v = 101 + -93. What is the greatest common divisor of 8 and v?
8
Suppose 3*n + 15 = 3*x, n + 3 = -5*x + 10. Suppose -3*q + 2*l = -56, -39 - 52 = -5*q + l. Calculate the highest common divisor of q and x.
2
Let w(c) = -2*c + 1. Let f be w(-2). Suppose -k - k + 29 = -3*b, -5*k + f*b = -65. Suppose 4*p - 172 = 268. Calculate the highest common divisor of p and k.
10
Let p be ((-9)/6)/3*-8. Suppose 5*z + 3*t + 0*t - 5 = 0, p*z + 3*t = 4. Let w = z + 3. What is the highest common divisor of w and 44?
4
Let u = 5 - 0. Suppose -4*w = -5*w + 55. What is the greatest common factor of w and u?
5
Let c(f) = 8*f**2 - f + 3. Let w be c(3). Let q be 11/((-132)/(-112)) + 1/(-3). Calculate the highest common factor of w and q.
9
Let f be 2/7 + 332/14. Suppose 0*g - 5*g = 0. Suppose g = n + 4*n - 15. Calculate the highest common factor of f and n.
3
Let w(c) be the second derivative of -3*c**5/20 + c**4/6 - c**3/3 - c**2/2 - 4*c. Let k be w(-2). Calculate the greatest common divisor of 7 and k.
7
Let x(m) = -m**2 - m + 66. Let c be x(0). Calculate the greatest common factor of 99 and c.
33
Let c be (-169)/(-2) + (-3)/6. Calculate the greatest common divisor of c and 21.
21
Suppose 0 = -2*k + 2 + 2. Suppose -k*i + i - 52 = u, 2 = -i. Let q = 72 + u. What is the highest common factor of q and 33?
11
Suppose 16 = 2*g - 2. Let y = g - -6. Suppose -70 = -4*h - 10. What is the highest common factor of h and y?
15
Suppose -o - 55 = -4*o + 5*x, -2*o = -5*x - 45. Let i = -19 + 27. Suppose -j = 5, -2*n - 4 = 4*j + i. What is the greatest common divisor of o and n?
2
Suppose 4*f + 26 - 126 = 0. Suppose t + 5 = -4*g + 42, 4*t + 12 = 0. Calculate the highest common divisor of g and f.
5
Let f = 1 - -5. Suppose -2 + f = 2*q. Let j be -2*(11/q)/(-1). Calculate the highest common divisor of j and 55.
11
Suppose -3*s = -2*s - 3*n - 6, -20 = -4*n. What is the highest common divisor of 7 and s?
7
Let q be 22/4*2 + -1. Let b be (-46)/(-2) + (7 - q). Calculate the highest common factor of b and 5.
5
Let k = 54 + -28. Let t = 54 - k. What is the greatest common divisor of t and 7?
7
Suppose 9 = 4*h + 4*j - 11, 2*j = 5*h - 53. Suppose 2*b + 4*b - 54 = 0. Calculate the highest common factor of h and b.
9
Let w = -19 + 37. Calculate the greatest common factor of 144 and w.
18
Let s(t) = -t**3 - 3*t**2 - 3*t - 5. Let l be s(-5). Calculate the greatest common factor of l and 12.
12
Let c(l) = -2*l**3 + 2*l**2 - 1. Let r be c(-1). What is the highest common divisor of r and 1?
1
Let l = 9 + 27. Calculate the greatest common factor of 9 and l.
9
Suppose 0*w + w + 15 = 5*j, -j - 23 = 5*w. Suppose 0 = r - j*t - 8, 0 = 2*r + 5*t - 16. Let l = -192 - -280. What is the greatest common factor of r and l?
8
Suppose -1 = v + t - 4*t, -5*t + 25 = 3*v. Let r be 7*(2 - 1)*1. Let k = r - 6. Calculate the greatest common divisor of v and k.
1
Let p(f) = 10*f - 19*f + 14 + 8*f. Let a be p(-13). Calculate the highest common divisor of a and 18.
9
Suppose 1 = -b, -6*b + 2*b - 74 = -z. Suppose -w = -0*w + 5, r - 19 = w. What is the greatest common divisor of r and z?
14
Let p(v) = -4*v - 9. Let x be p(-3). Suppose -3*u = -2*u - 4. Suppose u*i = -2*d, x*d - d = -5*i + 2. Cal